{"id":23086,"date":"2024-02-28T11:21:39","date_gmt":"2024-02-28T10:21:39","guid":{"rendered":"https:\/\/creativasgalegas.gal\/producto\/gel-champu\/"},"modified":"2025-10-28T18:06:27","modified_gmt":"2025-10-28T17:06:27","slug":"gel-champu","status":"publish","type":"product","link":"https:\/\/creativasgalegas.gal\/es\/producto\/gel-champu\/","title":{"rendered":"Gel &amp; Champ\u00fa"},"content":{"rendered":"<p>Marca: Anainas<\/p>\n<p>Gel y Champ\u00fa espec\u00edficamente dise\u00f1ado para la infancia. Resulta perfecto para todo tipo de pieles, incluso las m\u00e1s sensibles y problem\u00e1ticas. Indicado para reci\u00e9n nacidos, beb\u00e9s, peques y personas adultas.  <\/p>\n<p>Hidrata, suaviza y limpia con delicadeza respetando la barrera d\u00e9rmica. Regenera y restaura el equilibrio de la piel y el cabello. Aporta calma y alivio a la irritaci\u00f3n, no pica en los ojos. Se aclara f\u00e1cilmente.   <\/p>\n<p>Gracias a sus principios activos org\u00e1nicos y a sus&nbsp;&nbsp;tensioactivos suaves y naturales es ideal para todo tipo de pieles. Todos sus ingredientes son naturales, sostenibles y de origen vegetal. <\/p>\n<p>Enriquecido con Camomila, Tomillo, Salvia y Avena, que a\u00f1adimos en forma de avenantramidas, un concentrado de activos que potencian los efectos calmantes, suavizantes y antioxidantes.<\/p>\n<p>Propiedades<\/p>\n<p>Forma una agradable capa de espuma que se aclara f\u00e1cilmente. \u00a1Ideal para usar desde el primer d\u00eda. Momentos agradables y relajantes asegurados en la hora del ba\u00f1o!  <\/p>\n<p>Sin perfumes ni colorantes a\u00f1adidos.<\/p>\n<p>Libre de transg\u00e9nicos.<\/p>\n<p>Ingredientes de origen vegetal.<\/p>\n<p>Producto Vegano.<\/p>\n<p>Ingredientes<\/p>\n<p>Cada ingrediente est\u00e1 presente por una buena raz\u00f3n:<\/p>\n<p>Camomila: Obtenida directamente de la flor. Regenera, suaviza y calma la piel. Act\u00faa como  &nbsp;&nbsp;tonificante natural.<\/p>\n<p>Avena: A\u00f1adida en forma de avenantramidas, un concentrado de los activos que potencian los efectos&nbsp;&nbsp;calmantes, suavizantes y antioxidantes de la avena. Inhibe la inflamaci\u00f3n, reduce la irritaci\u00f3n y previene el &nbsp;&nbsp;enrojecimiento.<\/p>\n<p>Salvia: Obtenida de plantas de cultivos sostenibles, criadas en condiciones&nbsp;&nbsp;x\u00e9ricas (extremadamente secas) para potenciar sus efectos. Aporta una hidrataci\u00f3n profunda y de larga duraci\u00f3n. Potencia el efecto barrera de la piel.  <\/p>\n<p>Tomillo: Escogido entre una selecci\u00f3n de hojas y flores. Protege de las agresiones externas y aporta propiedades antioxidantes. <\/p>\n<p>Listado INCI de Ingredientes: aqua, decyl glucoside, sodium lauroyl lactylate, cocamidopropyl betaine, propanediol, coco-glucoside, hydrogenated starch hydrolysate, maltooligosyl glucoside, sodium cocoyl glutamate, chamomilla recutita (matricaria) flower extract, thymus vulgaris (thyme) flower\/leaf extract, betaine, avena sativa (oat) extract, salvia sclarea extract, citrus aurantium amara fruit extract, citrus reticulata fruit extract, citrus sinensis peel extract, glycerin, tocopherol, guar hydroxypropyltrimonium chloride, benzyl alcohol, sodium chloride, potassium sorbate, sodium benzoate, sodium hydroxide, citric acid, lactic acid.<\/p>\n<p>Modo de empleo<\/p>\n<p>Usar tantas veces como sea necesario sobre piel y cabello h\u00famedos o a\u00f1adir en el agua de ba\u00f1o. Apto desde el primer d\u00eda para beb\u00e9s, peques y personas adultas, para toda la familia. <\/p>\n","protected":false},"excerpt":{"rendered":"<p>Gel y Champ\u00fa para todo tipo de pieles, totalmente natural y vegano.<\/p>\n","protected":false},"featured_media":23089,"template":"","meta":{"inline_featured_image":false},"pwb-brand":[392],"product_cat":[541,542],"product_tag":[],"class_list":{"0":"post-23086","1":"product","2":"type-product","3":"status-publish","4":"has-post-thumbnail","6":"pwb-brand-anainas-skin-peace","7":"product_cat-belleza","8":"product_cat-belleza-belleza","9":"sales-flash-overlay","10":"woocommerce-text-align-center","11":"woocommerce-image-align-center","12":"do-quantity-buttons","13":"wc-has-gallery","15":"first","16":"instock","17":"taxable","18":"shipping-taxable","19":"purchasable","20":"product-type-variable"},"acf":[],"yoast_head":"<!-- This site is optimized with the Yoast SEO plugin v22.1 - https:\/\/yoast.com\/wordpress\/plugins\/seo\/ -->\n<title>Gel &amp; Champ\u00fa - Creativas Galegas<\/title>\n<meta name=\"robots\" content=\"index, follow, max-snippet:-1, max-image-preview:large, max-video-preview:-1\" \/>\n<link rel=\"canonical\" href=\"https:\/\/creativasgalegas.gal\/es\/producto\/gel-champu\/\" \/>\n<meta property=\"og:locale\" content=\"es_ES\" \/>\n<meta property=\"og:type\" content=\"article\" \/>\n<meta property=\"og:title\" content=\"Gel &amp; Champ\u00fa - Creativas Galegas\" \/>\n<meta property=\"og:description\" content=\"Gel y Champ\u00fa para todo tipo de pieles, totalmente natural y vegano.\" \/>\n<meta property=\"og:url\" content=\"https:\/\/creativasgalegas.gal\/es\/producto\/gel-champu\/\" \/>\n<meta property=\"og:site_name\" content=\"Creativas Galegas\" \/>\n<meta property=\"article:modified_time\" content=\"2025-10-28T17:06:27+00:00\" \/>\n<meta property=\"og:image\" content=\"https:\/\/creativasgalegas.gal\/wp-content\/uploads\/2024\/02\/10075F35XECH-1.jpg\" \/>\n\t<meta property=\"og:image:width\" content=\"1080\" \/>\n\t<meta property=\"og:image:height\" content=\"1400\" \/>\n\t<meta property=\"og:image:type\" content=\"image\/jpeg\" \/>\n<meta name=\"twitter:card\" content=\"summary_large_image\" \/>\n<meta name=\"twitter:label1\" content=\"Tiempo de lectura\" \/>\n\t<meta name=\"twitter:data1\" content=\"3 minutos\" \/>\n<script type=\"application\/ld+json\" class=\"yoast-schema-graph\">{\"@context\":\"https:\/\/schema.org\",\"@graph\":[{\"@type\":\"WebPage\",\"@id\":\"https:\/\/creativasgalegas.gal\/es\/producto\/gel-champu\/\",\"url\":\"https:\/\/creativasgalegas.gal\/es\/producto\/gel-champu\/\",\"name\":\"Gel &amp; Champ\u00fa - Creativas Galegas\",\"isPartOf\":{\"@id\":\"https:\/\/creativasgalegas.gal\/es\/#website\"},\"datePublished\":\"2024-02-28T10:21:39+00:00\",\"dateModified\":\"2025-10-28T17:06:27+00:00\",\"breadcrumb\":{\"@id\":\"https:\/\/creativasgalegas.gal\/es\/producto\/gel-champu\/#breadcrumb\"},\"inLanguage\":\"es\",\"potentialAction\":[{\"@type\":\"ReadAction\",\"target\":[\"https:\/\/creativasgalegas.gal\/es\/producto\/gel-champu\/\"]}]},{\"@type\":\"BreadcrumbList\",\"@id\":\"https:\/\/creativasgalegas.gal\/es\/producto\/gel-champu\/#breadcrumb\",\"itemListElement\":[{\"@type\":\"ListItem\",\"position\":1,\"name\":\"Portada\",\"item\":\"https:\/\/creativasgalegas.gal\/es\/\"},{\"@type\":\"ListItem\",\"position\":2,\"name\":\"Tienda\",\"item\":\"https:\/\/creativasgalegas.gal\/es\/tienda\/\"},{\"@type\":\"ListItem\",\"position\":3,\"name\":\"Gel &amp; Champ\u00fa\"}]},{\"@type\":\"WebSite\",\"@id\":\"https:\/\/creativasgalegas.gal\/es\/#website\",\"url\":\"https:\/\/creativasgalegas.gal\/es\/\",\"name\":\"Creativas Galegas\",\"description\":\"Asociaci\u00f3n de creativas e artes\u00e1ns | Mercado da creatividade\",\"publisher\":{\"@id\":\"https:\/\/creativasgalegas.gal\/es\/#organization\"},\"potentialAction\":[{\"@type\":\"SearchAction\",\"target\":{\"@type\":\"EntryPoint\",\"urlTemplate\":\"https:\/\/creativasgalegas.gal\/es\/?s={search_term_string}\"},\"query-input\":\"required name=search_term_string\"}],\"inLanguage\":\"es\"},{\"@type\":\"Organization\",\"@id\":\"https:\/\/creativasgalegas.gal\/es\/#organization\",\"name\":\"Creativas Galegas\",\"url\":\"https:\/\/creativasgalegas.gal\/es\/\",\"logo\":{\"@type\":\"ImageObject\",\"inLanguage\":\"es\",\"@id\":\"https:\/\/creativasgalegas.gal\/es\/#\/schema\/logo\/image\/\",\"url\":\"https:\/\/creativasgalegas.gal\/wp-content\/uploads\/2023\/12\/Creativas_Galegas_Logotipo_hor_esl_Positivo.svg\",\"contentUrl\":\"https:\/\/creativasgalegas.gal\/wp-content\/uploads\/2023\/12\/Creativas_Galegas_Logotipo_hor_esl_Positivo.svg\",\"caption\":\"Creativas Galegas\"},\"image\":{\"@id\":\"https:\/\/creativasgalegas.gal\/es\/#\/schema\/logo\/image\/\"}}]}<\/script>\n<!-- \/ Yoast SEO plugin. -->","yoast_head_json":{"title":"Gel &amp; Champ\u00fa - Creativas Galegas","robots":{"index":"index","follow":"follow","max-snippet":"max-snippet:-1","max-image-preview":"max-image-preview:large","max-video-preview":"max-video-preview:-1"},"canonical":"https:\/\/creativasgalegas.gal\/es\/producto\/gel-champu\/","og_locale":"es_ES","og_type":"article","og_title":"Gel &amp; Champ\u00fa - Creativas Galegas","og_description":"Gel y Champ\u00fa para todo tipo de pieles, totalmente natural y vegano.","og_url":"https:\/\/creativasgalegas.gal\/es\/producto\/gel-champu\/","og_site_name":"Creativas Galegas","article_modified_time":"2025-10-28T17:06:27+00:00","og_image":[{"width":1080,"height":1400,"url":"https:\/\/creativasgalegas.gal\/wp-content\/uploads\/2024\/02\/10075F35XECH-1.jpg","type":"image\/jpeg"}],"twitter_card":"summary_large_image","twitter_misc":{"Tiempo de lectura":"3 minutos"},"schema":{"@context":"https:\/\/schema.org","@graph":[{"@type":"WebPage","@id":"https:\/\/creativasgalegas.gal\/es\/producto\/gel-champu\/","url":"https:\/\/creativasgalegas.gal\/es\/producto\/gel-champu\/","name":"Gel &amp; Champ\u00fa - Creativas Galegas","isPartOf":{"@id":"https:\/\/creativasgalegas.gal\/es\/#website"},"datePublished":"2024-02-28T10:21:39+00:00","dateModified":"2025-10-28T17:06:27+00:00","breadcrumb":{"@id":"https:\/\/creativasgalegas.gal\/es\/producto\/gel-champu\/#breadcrumb"},"inLanguage":"es","potentialAction":[{"@type":"ReadAction","target":["https:\/\/creativasgalegas.gal\/es\/producto\/gel-champu\/"]}]},{"@type":"BreadcrumbList","@id":"https:\/\/creativasgalegas.gal\/es\/producto\/gel-champu\/#breadcrumb","itemListElement":[{"@type":"ListItem","position":1,"name":"Portada","item":"https:\/\/creativasgalegas.gal\/es\/"},{"@type":"ListItem","position":2,"name":"Tienda","item":"https:\/\/creativasgalegas.gal\/es\/tienda\/"},{"@type":"ListItem","position":3,"name":"Gel &amp; Champ\u00fa"}]},{"@type":"WebSite","@id":"https:\/\/creativasgalegas.gal\/es\/#website","url":"https:\/\/creativasgalegas.gal\/es\/","name":"Creativas Galegas","description":"Asociaci\u00f3n de creativas e artes\u00e1ns | Mercado da creatividade","publisher":{"@id":"https:\/\/creativasgalegas.gal\/es\/#organization"},"potentialAction":[{"@type":"SearchAction","target":{"@type":"EntryPoint","urlTemplate":"https:\/\/creativasgalegas.gal\/es\/?s={search_term_string}"},"query-input":"required name=search_term_string"}],"inLanguage":"es"},{"@type":"Organization","@id":"https:\/\/creativasgalegas.gal\/es\/#organization","name":"Creativas Galegas","url":"https:\/\/creativasgalegas.gal\/es\/","logo":{"@type":"ImageObject","inLanguage":"es","@id":"https:\/\/creativasgalegas.gal\/es\/#\/schema\/logo\/image\/","url":"https:\/\/creativasgalegas.gal\/wp-content\/uploads\/2023\/12\/Creativas_Galegas_Logotipo_hor_esl_Positivo.svg","contentUrl":"https:\/\/creativasgalegas.gal\/wp-content\/uploads\/2023\/12\/Creativas_Galegas_Logotipo_hor_esl_Positivo.svg","caption":"Creativas Galegas"},"image":{"@id":"https:\/\/creativasgalegas.gal\/es\/#\/schema\/logo\/image\/"}}]}},"brands":[{"id":392,"name":"ANAINAS SKIN PEACE","slug":"anainas-skin-peace"}],"_links":{"self":[{"href":"https:\/\/creativasgalegas.gal\/es\/wp-json\/wp\/v2\/product\/23086","targetHints":{"allow":["GET"]}}],"collection":[{"href":"https:\/\/creativasgalegas.gal\/es\/wp-json\/wp\/v2\/product"}],"about":[{"href":"https:\/\/creativasgalegas.gal\/es\/wp-json\/wp\/v2\/types\/product"}],"wp:featuredmedia":[{"embeddable":true,"href":"https:\/\/creativasgalegas.gal\/es\/wp-json\/wp\/v2\/media\/23089"}],"wp:attachment":[{"href":"https:\/\/creativasgalegas.gal\/es\/wp-json\/wp\/v2\/media?parent=23086"}],"wp:term":[{"taxonomy":"pwb-brand","embeddable":true,"href":"https:\/\/creativasgalegas.gal\/es\/wp-json\/wp\/v2\/pwb-brand?post=23086"},{"taxonomy":"product_cat","embeddable":true,"href":"https:\/\/creativasgalegas.gal\/es\/wp-json\/wp\/v2\/product_cat?post=23086"},{"taxonomy":"product_tag","embeddable":true,"href":"https:\/\/creativasgalegas.gal\/es\/wp-json\/wp\/v2\/product_tag?post=23086"}],"curies":[{"name":"wp","href":"https:\/\/api.w.org\/{rel}","templated":true}]}}

Gel &amp; Champú

<p>Marca: Anainas</p>
<p>Gel y Champú específicamente diseñado para la infancia. Resulta perfecto para todo tipo de pieles, incluso las más sensibles y problemáticas. Indicado para recién nacidos, bebés, peques y personas adultas.  </p>
<p>Hidrata, suaviza y limpia con delicadeza respetando la barrera dérmica. Regenera y restaura el equilibrio de la piel y el cabello. Aporta calma y alivio a la irritación, no pica en los ojos. Se aclara fácilmente.   </p>
<p>Gracias a sus principios activos orgánicos y a sus&nbsp;&nbsp;tensioactivos suaves y naturales es ideal para todo tipo de pieles. Todos sus ingredientes son naturales, sostenibles y de origen vegetal. </p>
<p>Enriquecido con Camomila, Tomillo, Salvia y Avena, que añadimos en forma de avenantramidas, un concentrado de activos que potencian los efectos calmantes, suavizantes y antioxidantes.</p>
<p>Propiedades</p>
<p>Forma una agradable capa de espuma que se aclara fácilmente. ¡Ideal para usar desde el primer día. Momentos agradables y relajantes asegurados en la hora del baño!  </p>
<p>Sin perfumes ni colorantes añadidos.</p>
<p>Libre de transgénicos.</p>
<p>Ingredientes de origen vegetal.</p>
<p>Producto Vegano.</p>
<p>Ingredientes</p>
<p>Cada ingrediente está presente por una buena razón:</p>
<p>Camomila: Obtenida directamente de la flor. Regenera, suaviza y calma la piel. Actúa como  &nbsp;&nbsp;tonificante natural.</p>
<p>Avena: Añadida en forma de avenantramidas, un concentrado de los activos que potencian los efectos&nbsp;&nbsp;calmantes, suavizantes y antioxidantes de la avena. Inhibe la inflamación, reduce la irritación y previene el &nbsp;&nbsp;enrojecimiento.</p>
<p>Salvia: Obtenida de plantas de cultivos sostenibles, criadas en condiciones&nbsp;&nbsp;xéricas (extremadamente secas) para potenciar sus efectos. Aporta una hidratación profunda y de larga duración. Potencia el efecto barrera de la piel.  </p>
<p>Tomillo: Escogido entre una selección de hojas y flores. Protege de las agresiones externas y aporta propiedades antioxidantes. </p>
<p>Listado INCI de Ingredientes: aqua, decyl glucoside, sodium lauroyl lactylate, cocamidopropyl betaine, propanediol, coco-glucoside, hydrogenated starch hydrolysate, maltooligosyl glucoside, sodium cocoyl glutamate, chamomilla recutita (matricaria) flower extract, thymus vulgaris (thyme) flower/leaf extract, betaine, avena sativa (oat) extract, salvia sclarea extract, citrus aurantium amara fruit extract, citrus reticulata fruit extract, citrus sinensis peel extract, glycerin, tocopherol, guar hydroxypropyltrimonium chloride, benzyl alcohol, sodium chloride, potassium sorbate, sodium benzoate, sodium hydroxide, citric acid, lactic acid.</p>
<p>Modo de empleo</p>
<p>Usar tantas veces como sea necesario sobre piel y cabello húmedos o añadir en el agua de baño. Apto desde el primer día para bebés, peques y personas adultas, para toda la familia. </p>

<p>Gel y Champú para todo tipo de pieles, totalmente natural y vegano.</p>

<!-- This site is optimized with the Yoast SEO plugin v22.1 - https://yoast.com/wordpress/plugins/seo/ -->
<title>Gel &amp; Champú - Creativas Galegas</title>
<meta name="robots" content="index, follow, max-snippet:-1, max-image-preview:large, max-video-preview:-1" />
<link rel="canonical" href="https://creativasgalegas.gal/es/producto/gel-champu/" />
<meta property="og:locale" content="es_ES" />
<meta property="og:type" content="article" />
<meta property="og:title" content="Gel &amp; Champú - Creativas Galegas" />
<meta property="og:description" content="Gel y Champú para todo tipo de pieles, totalmente natural y vegano." />
<meta property="og:url" content="https://creativasgalegas.gal/es/producto/gel-champu/" />
<meta property="og:site_name" content="Creativas Galegas" />
<meta property="article:modified_time" content="2025-10-28T17:06:27+00:00" />
<meta property="og:image" content="https://creativasgalegas.gal/wp-content/uploads/2024/02/10075F35XECH-1.jpg" />
	<meta property="og:image:width" content="1080" />
	<meta property="og:image:height" content="1400" />
	<meta property="og:image:type" content="image/jpeg" />
<meta name="twitter:card" content="summary_large_image" />
<meta name="twitter:label1" content="Tiempo de lectura" />
	<meta name="twitter:data1" content="3 minutos" />
<script type="application/ld+json" class="yoast-schema-graph">{"@context":"https://schema.org","@graph":[{"@type":"WebPage","@id":"https://creativasgalegas.gal/es/producto/gel-champu/","url":"https://creativasgalegas.gal/es/producto/gel-champu/","name":"Gel &amp; Champú - Creativas Galegas","isPartOf":{"@id":"https://creativasgalegas.gal/es/#website"},"datePublished":"2024-02-28T10:21:39+00:00","dateModified":"2025-10-28T17:06:27+00:00","breadcrumb":{"@id":"https://creativasgalegas.gal/es/producto/gel-champu/#breadcrumb"},"inLanguage":"es","potentialAction":[{"@type":"ReadAction","target":["https://creativasgalegas.gal/es/producto/gel-champu/"]}]},{"@type":"BreadcrumbList","@id":"https://creativasgalegas.gal/es/producto/gel-champu/#breadcrumb","itemListElement":[{"@type":"ListItem","position":1,"name":"Portada","item":"https://creativasgalegas.gal/es/"},{"@type":"ListItem","position":2,"name":"Tienda","item":"https://creativasgalegas.gal/es/tienda/"},{"@type":"ListItem","position":3,"name":"Gel &amp; Champú"}]},{"@type":"WebSite","@id":"https://creativasgalegas.gal/es/#website","url":"https://creativasgalegas.gal/es/","name":"Creativas Galegas","description":"Asociación de creativas e artesáns | Mercado da creatividade","publisher":{"@id":"https://creativasgalegas.gal/es/#organization"},"potentialAction":[{"@type":"SearchAction","target":{"@type":"EntryPoint","urlTemplate":"https://creativasgalegas.gal/es/?s={search_term_string}"},"query-input":"required name=search_term_string"}],"inLanguage":"es"},{"@type":"Organization","@id":"https://creativasgalegas.gal/es/#organization","name":"Creativas Galegas","url":"https://creativasgalegas.gal/es/","logo":{"@type":"ImageObject","inLanguage":"es","@id":"https://creativasgalegas.gal/es/#/schema/logo/image/","url":"https://creativasgalegas.gal/wp-content/uploads/2023/12/Creativas_Galegas_Logotipo_hor_esl_Positivo.svg","contentUrl":"https://creativasgalegas.gal/wp-content/uploads/2023/12/Creativas_Galegas_Logotipo_hor_esl_Positivo.svg","caption":"Creativas Galegas"},"image":{"@id":"https://creativasgalegas.gal/es/#/schema/logo/image/"}}]}</script>
<!-- / Yoast SEO plugin. -->

Gel &amp; Champú - Creativas Galegas

Gel y Champú para todo tipo de pieles, totalmente natural y vegano.

Asociación de creativas e artesáns | Mercado da creatividade
